est common divisor of 3886 and 3350?
134
Calculate the greatest common factor of 216 and 71256.
24
Calculate the greatest common divisor of 98 and 22526.
14
Calculate the greatest common divisor of 142 and 1302566.
142
Calculate the greatest common divisor of 152464 and 416.
208
What is the greatest common factor of 25333 and 11844?
329
What is the greatest common factor of 39405 and 781?
71
What is the highest common factor of 71585 and 25?
5
What is the highest common divisor of 1535599 and 247?
247
What is the greatest common factor of 231 and 185229?
33
What is the greatest common factor of 40860 and 900?
180
What is the highest common factor of 7344218 and 98?
98
Calculate the greatest common divisor of 211 and 1204810.
211
Calculate the highest common divisor of 30168 and 936.
72
What is the greatest common divisor of 26625 and 3?
3
Calculate the highest common divisor of 2666688 and 646.
646
What is the greatest common divisor of 77542 and 2830?
566
Calculate the greatest common divisor of 1584 and 99.
99
What is the greatest common divisor of 1890 and 113610?
210
Calculate the highest common factor of 34120 and 429059.
853
Calculate the greatest common factor of 30459 and 1065.
213
Calculate the highest common factor of 190 and 6973.
19
Calculate the highest common factor of 5078778 and 212.
106
Calculate the greatest common factor of 23400 and 18707.
13
What is the highest common factor of 576 and 2837808?
144
Calculate the highest common divisor of 32137 and 7.
7
What is the highest common divisor of 10266 and 1566?
174
Calculate the greatest common factor of 517 and 137334.
47
Calculate the greatest common factor of 110 and 28611.
11
Calculate the highest common factor of 1003226 and 174.
58
What is the greatest common divisor of 5459092 and 4?
4
What is the highest common divisor of 533 and 47109?
41
Calculate the greatest common factor of 7476272 and 304.
304
What is the highest common divisor of 1256952 and 498?
498
Calculate the greatest common factor of 84010 and 31.
31
What is the highest common divisor of 2 and 2711?
1
What is the greatest common divisor of 208 and 8567?
13
Calculate the highest common factor of 80 and 525110.
10
What is the highest common factor of 72 and 5720?
8
Calculate the highest common factor of 460318 and 2714.
118
Calculate the greatest common factor of 148 and 1543603.
37
Calculate the highest common factor of 4564 and 4144.
28
What is the highest common factor of 6723 and 2349?
81
Calculate the highest common factor of 2040 and 1370.
10
Calculate the greatest common factor of 621 and 58023.
27
Calculate the highest common factor of 78 and 1406769.
39
Calculate the highest common divisor of 852 and 227058.
426
Calculate the highest common factor of 33642 and 3654.
126
Calculate the greatest common factor of 292 and 6269313.
73
What is the highest common factor of 372110 and 23495?
635
Calculate the greatest common factor of 60076 and 184.
92
What is the greatest common factor of 169680 and 31080?
840
Calculate the highest common divisor of 170 and 697.
17
What is the greatest common divisor of 105937 and 1300?
13
Calculate the greatest common factor of 254 and 3565144.
254
What is the highest common factor of 312660 and 35316?
324
Calculate the highest common factor of 9282 and 99960.
714
Calculate the greatest common divisor of 15577 and 1221.
37
Calculate the greatest common divisor of 27447 and 42.
21
Calculate the highest common divisor of 36 and 191448.
36
What is the greatest common factor of 438915 and 435?
435
What is the highest common factor of 22 and 554730?
22
Calculate the highest common divisor of 371 and 19663.
371
What is the greatest common divisor of 85 and 1207?
17
Calculate the highest common factor of 804 and 23196.
12
What is the greatest common factor of 23616 and 222?
6
What is the greatest common factor of 8 and 53016?
8
Calculate the highest common factor of 656 and 25232.
16
Calculate the highest common factor of 2288 and 1936.
176
Calculate the highest common factor of 3309357 and 3.
3
Calculate the highest common factor of 1956643 and 533.
533
What is the highest common divisor of 16 and 171176?
8
Calculate the greatest common factor of 245 and 827071.
49
What is the highest common divisor of 45344 and 130?
26
What is the highest common divisor of 182 and 226460?
26
Calculate the greatest common factor of 704 and 76144.
16
Calculate the highest common divisor of 73222 and 124.
62
Calculate the highest common divisor of 14 and 27699.
7
Calculate the greatest common factor of 320 and 7704.
8
Calculate the highest common divisor of 8 and 237368.
8
What is the highest common factor of 13351 and 51824?
79
What is the greatest common divisor of 235 and 8065?
5
Calculate the greatest common divisor of 140 and 22660.
20
Calculate the greatest common factor of 76181 and 98.
7
Calculate the greatest common divisor of 4301 and 113091.
253
Calculate the highest common divisor of 32494 and 2.
2
Calculate the highest common factor of 362406 and 33.
33
What is the greatest common factor of 13 and 31915?
13
What is the highest common factor of 64 and 586016?
32
Calculate the greatest common factor of 678 and 550423.
113
Calculate the highest common divisor of 520 and 851864.
104
Calculate the greatest common factor of 285792 and 8736.
1248
What is the highest common factor of 84 and 84308?
28
What is the highest common factor of 19398 and 901?
53
What is the greatest common divisor of 40905 and 270?
135
Calculate the greatest common divisor of 161 and 342930.
161
What is the greatest common divisor of 53752 and 248?
8
What is the highest common factor of 34383 and 21?
3
What is the greatest common factor of 134 and 621961?
67
Calculate the highest common divisor of 564 and 37036.
188
Calculate the greatest common factor of 3140780 and 40.
20
What is the greatest common factor of 27152 and 8?
8
What is the greatest common divisor of 508 and 96266?
254
What is the greatest common divisor of 2660 and 13167?
133
What is the highest common divisor of 1752 and 13951176?
1752
Calculate the greatest common divisor of 931 and 8987.
19
Calculate the greatest common divisor of 297 and 1322271.
27
What is the greatest common factor of 11 and 12358?
1
Calculate the highest common factor of 63976 and 264.
88
Calculate the highest common factor of 3834 and 111399.
213
What is the greatest common factor of 59 and 2473?
1
What is the greatest common factor of 192728 and 224?
8
Calculate the greatest common factor of 132324 and 24.
12
What is the greatest common divisor of 2778402 and 1815?
363
Calculate the greatest common factor of 4 and 44284.
4
What is the highest common divisor of 60 and 1372092?
12
What is the greatest common factor of 1056 and 75603?
33
What is the highest common factor of 418 and 22572?
418
What is the highest common factor of 594 and 108196?
22
Calculate the highest common factor of 1192 and 248.
8
Calculate the highest common factor of 514 and 432274.
514
What is the greatest common divisor of 1922 and 120218?
62
What is the greatest common factor of 74 and 36149?
37
What is the greatest common divisor of 49923 and 189?
27
Calculate the highest common factor of 16 and 44564.
4
What is the highest common divisor of 463972 and 1544?
772
What is the highest common factor of 97948 and 93780?
2084
Calculate the greatest common factor of 316 and 19829.
79
What is the highest common divisor of 280 and 12215?
35
What is the highest common factor of 1615 and 5423?
17
What is the highest common factor of 2507092 and 8211?
2737
What is the greatest common factor of 3648 and 6345696?
1824
Calculate the greatest common factor of 51 and 6123366.
51
Calculate the greatest common factor of 9151831 and 221.
221
What is the highest common factor of 1062 and 1131561?
531
What is the highest common factor of 1524960 and 60?
60
What is the greatest common factor of 18054 and 12?
6
What is the highest common factor of 6435 and 4783350?
2145
Calculate the highest common divisor of 820 and 1680590.
410
Calculate the highest common divisor of 8676 and 69890.
482
Calculate the highest common divisor of 29228 and 12.
4
What is the greatest common factor of 147112 and 2758?
14
What is the highest com